
Is 41624210 a multiple of 124?
False
Is 177802059 a multiple of 2673?
False
Does 17 divide 2464029155?
False
Is 70585950 a multiple of 188?
False
Is 126 a factor of 76943412?
True
Does 45 divide 1578414960?
True
Does 70 divide 324664410?
True
Is 95346575 a multiple of 565?
True
Is 7 a factor of 3554905923?
False
Is 673 a factor of 78736962?
True
Is 34062760 a multiple of 485?
False
Is 418 a factor of 13232208?
True
Does 1519 divide 256516568?
True
Is 59599932 a multiple of 28?
True
Does 1060 divide 906930164?
False
Is 846 a factor of 9918401?
False
Is 561 a factor of 20116899?
True
Does 1624 divide 16676856?
True
Is 10 a factor of 60827470?
True
Is 712 a factor of 832998704?
True
Is 511568369 a multiple of 90?
False
Is 41 a factor of 526118642?
True
Is 18 a factor of 207163421?
False
Is 15695504 a multiple of 347?
True
Does 3687 divide 667994830?
False
Does 30 divide 383853426?
False
Is 4405 a factor of 100820345?
False
Is 30 a factor of 24992766?
False
Is 537818601 a multiple of 571?
False
Is 36186849 a multiple of 1578?
False
Is 76 a factor of 9227413?
False
Is 39 a factor of 106651718?
False
Does 66 divide 900073086?
True
Is 463 a factor of 219612938?
True
Does 9542 divide 114677732?
False
Is 6007303 a multiple of 1092?
False
Is 739 a factor of 74313840?
True
Does 7 divide 6321014?
True
Does 147 divide 18910668?
True
Does 147 divide 38547957?
True
Is 7 a factor of 233784745?
False
Is 14 a factor of 215546976?
False
Does 1445 divide 1448776704?
False
Is 3 a factor of 1890051?
True
Does 13 divide 29361358?
True
Is 205308696 a multiple of 2396?
False
Does 3 divide 25587933?
True
Is 33 a factor of 33946957?
False
Is 4112954129 a multiple of 12373?
False
Is 11 a factor of 177170809?
False
Does 40 divide 998140280?
True
Is 24 a factor of 8874939?
False
Is 16151459 a multiple of 15?
False
Does 34 divide 496568879?
False
Is 1246815 a multiple of 103?
True
Is 562 a factor of 27322192?
True
Is 538224488 a multiple of 49?
False
Is 3043 a factor of 46904768?
False
Is 353297637 a multiple of 693?
True
Is 15 a factor of 461575428?
False
Is 42 a factor of 13108015?
False
Is 559 a factor of 14642767?
False
Is 1237958315 a multiple of 11?
True
Is 3 a factor of 232188?
True
Is 128910590 a multiple of 7?
False
Does 58 divide 886922834?
True
Does 1142 divide 14044316?
True
Is 115 a factor of 42736645?
True
Is 2161154970 a multiple of 4758?
True
Is 8303400 a multiple of 21?
True
Does 4670 divide 5273532?
False
Does 349 divide 1829219633?
True
Is 559428890 a multiple of 717?
False
Is 2824 a factor of 81886864?
False
Is 865 a factor of 1804050126?
False
Is 215 a factor of 196657705?
True
Is 3964 a factor of 1154328692?
True
Does 38 divide 33538314?
False
Is 34 a factor of 28010712?
False
Is 682 a factor of 671976646?
True
Does 203 divide 17780408?
False
Is 28256075 a multiple of 2732?
False
Is 572517987 a multiple of 22?
False
Is 20 a factor of 208287000?
True
Does 64 divide 19030208?
True
Is 3 a factor of 13291765?
False
Is 33 a factor of 14610753?
False
Is 373 a factor of 380688276?
True
Is 373 a factor of 154600294?
True
Does 702 divide 223521543?
False
Is 39191132 a multiple of 7?
False
Is 22 a factor of 16635561?
False
Is 378355421 a multiple of 819?
False
Does 374 divide 144991572?
True
Does 14 divide 124663714?
True
Is 21 a factor of 85561875?
True
Does 776 divide 94141216?
True
Does 6 divide 61763184?
True
Does 820 divide 571101358?
False
Does 2872 divide 1208511752?
True
Is 74548537 a multiple of 1041?
False
Does 34 divide 151333493?
False
Is 651 a factor of 68196807?
True
Does 17 divide 2734935?
False
Does 298 divide 38719007?
False
Is 76 a factor of 384445885?
False
Does 844 divide 284431433?
False
Is 48116838 a multiple of 22?
True
Is 11 a factor of 285464516?
False
Is 43259418 a multiple of 9?
True
Is 9 a factor of 126288603?
True
Does 15 divide 151563580?
False
Is 20 a factor of 1336885080?
True
Is 1159285576 a multiple of 864?
False
Is 1473 a factor of 896575329?
True
Is 80 a factor of 19487333?
False
Is 1023 a factor of 497726353?
False
Is 106676335 a multiple of 1655?
True
Does 9 divide 312025878?
True
Is 3 a factor of 180775516?
False
Is 1098327412 a multiple of 26?
True
Is 185894073 a multiple of 4?
False
Does 361 divide 346748803?
True
Is 452802 a multiple of 14?
True
Does 189 divide 143173926?
True
Does 2371 divide 253730194?
True
Is 281499561 a multiple of 9712?
False
Does 15 divide 30920570?
False
Is 94843818 a multiple of 138?
False
Is 207734135 a multiple of 595?
True
Does 139 divide 319372939?
False
Is 308353069 even?
False
Is 65720163 a multiple of 41?
False
Is 44 a factor of 93190234?
False
Is 73 a factor of 140404332?
False
Is 316 a factor of 147973320?
True
Is 43462640 a multiple of 16?
True
Is 8141016 a multiple of 194?
True
Does 23 divide 13464453?
True
Does 570 divide 308531310?
True
Does 211 divide 894815130?
True
Does 260 divide 1925117740?
True
Is 33581064 a multiple of 1161?
False
Is 9982712 a multiple of 243?
False
Is 68390892 a multiple of 106?
False
Does 31 divide 7253235?
False
Is 273270297 a multiple of 9?
False
Is 260 a factor of 404099?
False
Does 24 divide 2701032?
True
Does 53 divide 419196?
False
Is 3 a factor of 259777455?
True
Is 29619579 a multiple of 132?
False
Does 5 divide 71079100?
True
Does 553 divide 27549388?
False
Is 323 a factor of 29340489?
False
Is 18503259 a multiple of 697?
True
Does 374 divide 293412544?
False
Is 9 a factor of 17095491?
True
Does 78 divide 528136110?
False
Is 7668947573 a multiple of 10027?
False
Does 3054 divide 328262244?
True
Is 1116327 a multiple of 7?
False
Does 71 divide 261690367?
False
Is 29 a factor of 15537823?
True
Is 212 a factor of 5942148?
True
Is 2941686 a multiple of 2?
True
Is 344 a factor of 35900528?
True
Is 1264 a factor of 65773349?
False
Does 89 divide 225273664?
False
Does 30 divide 367090620?
True
Is 17394788 a multiple of 1028?
True
Is 111652704 a multiple of 288?
True
Is 12381953 a multiple of 25?
False
Is 20730588 a multiple of 291?
False
Is 279520881 a multiple of 4866?
False
Is 270 a factor of 166573260?
True
Is 63 a factor of 1646820?
True
Is 53661216 a multiple of 987?
True
Is 56719181 a multiple of 178?
False
Is 10 a factor of 893519306?
False
Is 215 a factor of 1824060?
True
Is 949291417 a multiple of 46?
False
Is 435 a factor of 861766294?
False
Is 231 a factor of 15824193?
True
Is 308444166 a multiple of 1151?
False
Is 20 a factor of 329496512?
False
Is 98 a factor of 76606173?
False
Does 1051 divide 1054087372?
False
Does 23 divide 8501099?
True
Is 441805066 a multiple of 61?
True
Does 85 divide 14109915?
True
Is 39 a factor of 23100446?
False
Does 201 divide 79293866?
False
Is 1054 a factor of 1513935034?
True
Is 1174 a factor of 8459508?
False
Is 1116 a factor of 26258373?
False
Does 295 divide 378634100?
False
Is 19 a factor of 43262622?
False
Is 29 a factor of 27877062?
True
Is 36 a factor of 134450202?
False
Is 2281 a factor of 60880674?
False
Is 17940821 a multiple of 46?
False
Is 38 a factor of 21067769?
False
Is 1073488 a multiple of 13?
True
Is 28 a factor of 551057452?
False
Is 40 a factor of 193451668?
False
Is 29888750 a multiple of 302?
False
Is 85501872 a multiple of 12?
True
Is 499 a factor of 7134702?
True
Does 354 divide 66902315?
False
Does 28 divide 134517158?
False
Is 49 a factor of 27895764?
False
Is 8716847 even?
False
Is 508191287 a multiple of 866?
False
Does 130 divide 4068870?
True
Is 212 a factor of 32251984?
True
Is 147729612 a multiple of 8?
False
Is 50 a factor of 19019856?
False
Is 273578050 a multiple of 106?
True
Is 340294890 a multiple of 23?
True
Does 61 divide 233446670?
False
Is 26573066 a multiple of 2500?
False
Is 7021069 a multiple of 56?
False
Is 5246924 a multiple of 571?
False
Is 79 a factor of 233941989?
True
Is 2670 a factor of 217510019?
False
Is 70 a factor of 20117720?
True
Is 6 a factor of 89503128?
True
Is 63 a factor of 44319051?
True
Is 10 a factor of 1298450?
True
Is 42 a factor of 40051245?
False
Does 5176 divide 271527784?
True
Is 29 a factor of 1272084741?
False
Is 85062690 a multiple of 43?
False
Is 10 a factor of 30199340?
True
Does 12680 divide 909561760?
True
Is 22 a factor of 774310182?
False
Does 3419 divide 48067721?
True
Is 73 a factor of 1824981?
False
Is 1813211106 a multiple o